 10127. Determine o(-118).
-21
Let b(q) = -2267880*q - 11. Give b(0).
-11
Let b(h) = 5283*h - 417368. What is b(79)?
-11
Let y(t) = -2*t**2 - 2958*t - 49760. What is y(-17)?
-52
Let r(a) = a**3 - 15*a**2 - 221*a - 50. Calculate r(-8).
246
Let r(a) = -1375*a**3 - a**2 - 878*a - 876. What is r(-1)?
1376
Let n(v) = 61*v**2 + 496*v + 58. What is n(-8)?
-6
Let s(v) = 5*v**2 - 1455*v - 8825. What is s(-6)?
85
Let v(r) = -26560*r + 4276152. Calculate v(161).
-8
Let l(y) = -138675*y + 3050820. Determine l(22).
-30
Let r(w) = 84810*w - 678469. Determine r(8).
11
Let i(f) = -7502*f - 112551. Determine i(-15).
-21
Let o(f) = 55*f**2 - 100*f + 299. Calculate o(3).
494
Let q(a) = a**2 + 2504*a - 12532531. What is q(2503)?
-10
Let q(v) = 53961*v + 106321. Determine q(-2).
-1601
Let x(g) = -7*g**3 - 2075*g**2 + 5388*g + 1798. Give x(-299).
4
Let s(t) = 2*t**2 - 282*t + 1266. Give s(137).
170
Let z(y) = -1142*y - 223822. Determine z(-196).
10
Let c(p) = -4844*p + 96845. Calculate c(20).
-35
Let w(u) = 11*u**2 + 212*u - 160. Determine w(-20).
0
Let d(r) = -57*r**2 + 671*r - 10. Determine d(5).
1920
Let i(l) = 1055*l**3 + 5*l**2 - 15*l + 9. What is i(1)?
1054
Let i(o) = -2*o**3 - 37*o**2 + 424*o - 13. Calculate i(8).
-13
Let w(x) = -17949*x - 35760. Give w(-2).
138
Let n(w) = 1713*w - 44536. What is n(26)?
2
Let f(u) = -14*u**3 + 80*u**2 - 6*u + 13. Give f(8).
-2083
Let x(l) = 2*l**2 + 302*l + 7776. Give x(-118).
-12
Let r(u) = u**3 + 225*u**2 - 469*u - 2696. Calculate r(-227).
709
Let x(q) = q**2 + 105*q - 76488. Give x(-334).
-2
Let z(i) = i**3 + 13*i**2 + 96*i + 1756. Give z(-15).
-134
Let b(h) = 9*h**3 - 22*h**2 + 908*h - 2704. Calculate b(3).
65
Let f(h) = -194792*h + 3311458. Calculate f(17).
-6
Let z(q) = q**2 - 170*q + 5143. Determine z(37).
222
Let c(t) = -6*t**2 + 1589*t - 2882. Calculate c(263).
11
Let b(q) = q**3 + q**2 - 185*q - 1157. Determine b(-9).
-140
Let w(j) = -j**3 + 32*j**2 + 399*j + 3175. What is w(43)?
-7
Let q(f) = 87469*f + 524408. Give q(-6).
-406
Let y(l) = -34424*l - 137696. Give y(-4).
0
Let v(y) = -149849*y + 1048942. Calculate v(7).
-1
Let o(v) = 3*v**3 + 118*v**2 - 16786*v - 484. What is o(-97)?
1
Let k(z) = 3*z**3 + 45*z**2 + 6*z + 58. Give k(-15).
-32
Let l(o) = -696*o - 43088. Determine l(-62).
64
Let f(y) = y**3 + 12*y**2 + 61420*y + 245563. Calculate f(-4).
11
Let l(u) = 31*u**2 - 336*u - 14. Give l(2).
-562
Let b(r) = 4*r**2 - 486*r + 5937. Give b(14).
-83
Let o(k) = -18*k**2 - 876*k + 16257. Calculate o(-63).
3
Let g(x) = -x**2 + 105*x - 2270. Give g(50).
480
Let g(x) = 1416*x**2 + 8*x + 6. Calculate g(-1).
1414
Let j(z) = -2*z**2 + 25805*z + 20. What is j(0)?
20
Let o(q) = 5*q**2 - 968*q + 8329. What is o(9)?
22
Let z(j) = 202*j**3 - 10*j**2 - 26*j - 23. Determine z(-1).
-209
Let c(s) = 1700*s - 39370. Calculate c(23).
-270
Let s(f) = 38738*f - 1394556. Determine s(36).
12
Let n(d) = -1398*d + 36229. What is n(26)?
-119
Let z(d) = 20323*d + 304853. Give z(-15).
8
Let s(m) = m**3 + 3*m**2 - 2443*m - 9753. Calculate s(-4).
3
Let q(w) = 440*w + 2508. Give q(-4).
748
Let k(i) = -i**3 + 26*i**2 + 35942*i - 934484. Give k(26).
8
Let p(t) = 62*t + 754. Give p(-38).
-1602
Let j(i) = -4*i**3 - 244*i**2 - 594*i - 7579. Determine j(-59).
-381
Let t(s) = -729570*s + 19698398. What is t(27)?
8
Let g(k) = -10085*k + 161363. Determine g(16).
3
Let q(u) = -u**2 + 1480*u - 39217. What is q(27)?
14
Let k(g) = g**2 - 2112*g + 1114778. What is k(1074)?
-34
Let p(i) = -2344482*i - 49234127. Calculate p(-21).
-5
Let s(x) = 4805*x + 52845. Calculate s(-11).
-10
Let d(l) = 2*l**3 - 63*l**2 + 483*l + 123. Give d(14).
25
Let h(q) = -7*q**3 + 133*q**2 - 403*q + 1088. Determine h(16).
16
Let s(f) = -103177*f + 619024. Determine s(6).
-38
Let a(i) = 507713*i - 14215960. What is a(28)?
4
Let y(m) = 70*m**2 + 398*m - 1935. What is y(5)?
1805
Let x(j) = j**2 + 1668*j - 10008. Calculate x(6).
36
Let j(v) = 254*v**2 + 483*v + 15. Calculate j(-2).
65
Let r(f) = 20138*f - 1087470. Give r(54).
-18
Let t(k) = -101710*k + 407135. Give t(4).
295
Let i(f) = f**3 + 25*f**2 - 16*f - 537. What is i(-27)?
-1563
Let b(g) = -42*g**2 + 8512*g - 38811. Calculate b(198).
-3
Let f(z) = 351*z**2 + 756*z - 8. Give f(-3).
883
Let c(q) = -49*q**2 + 2116*q + 1744. Give c(44).
-16
Let w(o) = 14159*o + 14175. Determine w(-1).
16
Let x(s) = -s**3 - 15*s**2 + 136*s + 2107. Calculate x(-13).
1
Let u(k) = 6*k**2 - 273*k - 2224. What is u(-9)?
719
Let k(m) = 2963*m - 89020. Determine k(30).
-130
Let g(c) = 127*c - 2286. Give g(16).
-254
Let d(l) = -259*l - 80028. Calculate d(-309).
3
Let u(n) = 4333*n - 259984. Determine u(60).
-4
Let o(u) = 6*u**2 + 30*u - 349. Determine o(6).
47
Let t(y) = -16769*y - 1006135. What is t(-60)?
5
Let n(q) = -22526*q + 315411. Calculate n(14).
47
Let m(o) = 8*o**3 - 177*o**2 + 55*o + 24. Calculate m(22).
750
Let h(d) = -4*d**2 + 544*d + 23142. Calculate h(170).
22
Let f(i) = 5129*i - 17776. Calculate f(4).
2740
Let n(r) = 322*r + 37694. Give n(-117).
20
Let r(t) = -126*t + 15894. Determine r(127).
-108
Let j(s) = -1200*s + 1223. What is j(0)?
1223
Let v(t) = 696068*t - 13921364. What is v(20)?
-4
Let x(q) = -q**2 + 137*q + 3311. What is x(165)?
-1309
Let w(m) = m**3 - 43*m**2 - 178*m + 36. Calculate w(-4).
-4
Let k(h) = -5*h**3 + 49*h**2 - 342*h + 3460. Determine k(10).
-60
Let g(k) = -7*k**2 + 7861*k + 71108. What is g(-9)?
-208
Let w(n) = 1591*n - 4880. Calculate w(3).
-107
Let i(q) = 25*q**2 + 1283*q + 604. What is i(-52)?
1488
Let x(n) = n**2 - 1592*n + 118101. Determine x(78).
9
Let y(h) = 1032*h + 25876. Give y(-25).
76
Let z(n) = 175*n - 16166. Calculate z(91).
-241
Let x(r) = -139*r**2 + 240*r + 1025. Calculate x(-4).
-2159
Let b(o) = 3188*o - 169060. Give b(53).
-96
Let o(h) = -290*h**3 - 2010*h**2 + 138*h + 8. Determine o(-7).
22
Let l(q) = -1011916*q - 5059596. Calculate l(-5).
-16
Let h(l) = -4552*l - 13644. Calculate h(-3).
12
Let r(b) = b**3 - 12*b**2 - 250*b + 2728. What is r(10)?
28
Let m(b) = 5*b**3 + 43*b**2 + 9*b - 14. What is m(-5)?
391
Let i(m) = -2720*m + 5956. Determine i(2).
516
Let q(h) = -6*h**2 - 2*h + 97. What is q(-5)?
-43
Let k(u) = u**3 + 14*u**2 - 640*u + 179. Calculate k(-32).
2227
Let w(o) = -o**3 + 30*o**2 - 30*o + 598. Give w(31).
-1293
Let o(c) = -208*c - 7556. Determine o(-25).
-2356
Let g(d) = -22*d**2 + 6486*d - 136546. Calculate g(272).
-2
Let q(y) = 2*y**2 + 230*y + 5995. Calculate q(-74).
-73
Let h(k) = 2*k**3 + 617*k**2 - 1872*k + 3. Calculate h(3).
-6
Let y(l) = l**3 - 330*l**2 + 326*l - 555107. Determine y(334).
1
Let v(n) = -2*n**3 - 15*n**2 - 26*n - 169. What is v(-7)?
-36
Let x(y) = -209539*y + 628629. Calculate x(3).
12
Let g(n) = 38*n**2 - 8224*n + 3462. What is g(216)?
6
Let g(h) = -2*h**2 + 86067*h + 1722138. What is g(-20)?
-2
Let g(w) = -2*w**2 + 625*w - 19013. Determine g(34).
-75
Let z(n) = 405899*n + 2841293. Calculate z(-7).
0
Let t(w) = 83740*w - 669897. Determine t(8).
23
Let v(t) = 5*t**3 + 123*t**2 + 70*t - 38. Calculate v(-24).
10
Let v(t) = -2*t**3 - 97*t**2 - 1153*t - 53076. Calculate v(-48).
-36
Let i(u) = 80*u + 4213. Give i(-56).
-267
Let b(s) = s**3 - 12*s**2 + 12253*s - 184450. Calculate b(15).
20
Let x(y) = 30*y**2 + 1045*y - 332. Give x(-35).
-157
Let h(d) = 5*d**3 - d**2 - 29*d - 154. Calculate h(-9).
-3619
Let o(r) = 4*r**3 + 2*r**2 + 190*r + 769. Give o(-4).
-215
Let o(l) = -118473*l - 4028088. Give o(-34).
-6
Let f(n) = 344*n**2 - 7237*n - 44. What is f(21)?
-317
Let j(k) = k**3 + 272*k**2 + 1866*k + 2358. Give j(-265).
-557
Let o(j) = 4218*j + 25123. Give o(-6).
-185
Let o(r) = -5746*r + 327687. Give o(57).
165
Let t(j) = 3*j**3 + 3*j**2 - 120*j + 52. What is t(5)?
-98
Let f(z) = 3*z**2 + 65*z - 3565. Give f(-47).
7
Let r(d) = -30*d**2 + 267*d - 12. Give r(9).
-39
Let t(c) = -2846*c - 20901. Determine t(-8).
1867
Let d(a) = -a**3 - 169*a**2 - 2896*a - 458307. What is d(-168)?
-3
Let s(o) = 28*o**3 - 2978*o**2 + 1042*o + 2037. What is s(106)?
129
Let x(a) = -a**3 + 638*a**2 - 9358*a + 191. Give x(15).
-4
Let h(x) = -1203*x + 37345. Calculate h(31).
52
Let p(b) = 1425*b + 1302718. Calculate p(-914).
268
Let w(r) = -323*r + 2562. Calculate w(8).
-22
Let r(u) = -u**2 - 3440*u - 122544. Give r(-36).
0
Let v(t) = -t**3 - 24*t**2 + 8606*t - 8191. Give v(81).
-10
Let u(q) = 2*q